 = 3*w - 445. What is the tens digit of w?
8
Let j = 4316 + -6090. Let u be 3 - j/8 - (-3)/12. Suppose u = 3*h + 2*h. What is the units digit of h?
5
Suppose -180*u = -77*u - 246788. What is the thousands digit of u?
2
Let u(h) = 485*h**2 - 48*h + 184. What is the thousands digit of u(4)?
7
Let m be -12*(3 - (0 - -4)). Suppose 2 = -5*f + m. What is the units digit of (2 - -2) + 0/f?
4
Let x = 2682 - 2680. Let b = -5 + -2. What is the tens digit of (-12 + x + b)*-1*1?
1
Let r be -3 - (0 + 2)*(-56811)/58. Suppose -33*v = r - 32448. What is the hundreds digit of v?
9
Suppose 4*m - 322 = 2*o + 2008, 0 = 4*m + 4*o - 2348. Suppose 0 = 3*d - 2*f + 1180, d - 45*f + 389 = -40*f. Let n = d + m. What is the tens digit of n?
9
Let n(d) = -70*d + 347. Let c be n(27). Let s = -1026 - c. What is the hundreds digit of s?
5
Suppose 11*f - 203 = -2*b + 6*f, -105 = -b + f. Suppose -102*p = -b*p + 1068. What is the tens digit of p?
3
Let j(z) = z**2 - z + 3. Suppose 0*b + 2*b - 3*b = 0. Let i be j(b). Suppose -i*m + 4 = -2*m. What is the units digit of m?
4
Suppose -125311 = -152*d + 822713. What is the hundreds digit of d?
2
Let i be (-16 - -46)/(2/1). Let a(q) = -q**2 + 17*q + 51. What is the tens digit of a(i)?
8
Suppose -650*v + 653*v = 2514. Suppose r - 2514 = -3*l - 2*r, l + 3*r - v = 0. What is the units digit of l?
8
Let z = 505 + -719. Let g = -195 - z. What is the units digit of g?
9
What is the tens digit of 6 - 5710*8/(-16)?
6
Suppose 5*y + 775 = -2*k, -4*k + 5*y = 8*y + 1543. Let r = -28 - k. What is the hundreds digit of r?
3
Suppose z = -c + 646, -16*c + 14*c + 1272 = -3*z. Let s = c + -592. What is the units digit of s?
0
Let r = 16831 + -4283. What is the ten thousands digit of r?
1
Let y = -16207 - -25875. What is the tens digit of y?
6
Let q = -320 - -478. Let a = 161 - q. What is the units digit of a?
3
Suppose 5*t + 9431 = 45406. What is the hundreds digit of t?
1
Suppose 3*h - 412 = -4*s, -4*h + h = 0. Suppose 76 + s = q. What is the hundreds digit of q?
1
Suppose -57*h + 65*h + 8 = 0. Let t(i) = 95*i - 4. Let p(w) = w. Let x(a) = 5*p(a) - t(a). What is the units digit of x(h)?
4
Let z(a) be the second derivative of -155*a**3/6 - 11*a**2/2 + 30*a. Let g be z(-4). Suppose g = 5*k - 2*k. What is the tens digit of k?
0
Let y be -9*(0 - 2/6) + -4. Let k be (((-706)/(-8))/y)/(36/(-144)). Suppose -6*a + 91 = -k. What is the tens digit of a?
7
Let s be (-2)/(238/(-59) + 4). Suppose 62*a - 831 = s*a. What is the tens digit of a?
7
Suppose -154*n = -159*n + 37735. What is the units digit of n?
7
What is the thousands digit of 6729 + 26*(-2)/4?
6
What is the units digit of 4 + (-27386600)/(-1520) + ((-2)/(-4))/1?
2
Let a(j) = 116*j**2 + 127*j - 310. What is the tens digit of a(-19)?
5
Suppose 0 = 5*k + 3*d - 1486, 0*k = 2*k + 2*d - 596. Let z = k + -148. What is the units digit of z?
8
Suppose 14*l - 10 = 32. Suppose -s + l*v = -0*s - 320, 5*s - 1600 = -v. What is the tens digit of s?
2
What is the units digit of 25/(-2)*13/((-325)/11190)?
5
Let m(x) = 3*x**2 + 100*x - 345. What is the tens digit of m(-94)?
6
Suppose 5*b = -g - 18, 3*g + 2*g - 2 = -2*b. Let x(v) = 5*v**2 - 4*v**g - 2*v**2 + 1 - 23*v. What is the tens digit of x(-17)?
0
What is the hundreds digit of 48952 + (6 - 23 - -6)?
9
Suppose 60*j - 2868137 = 576163. What is the tens digit of j?
0
Let a = 3961 - 482. What is the thousands digit of a?
3
What is the units digit of (0 - (-2)/6)/((-46104461)/(-2095656) - 22)?
8
Let k(v) = -2352*v - 241. What is the thousands digit of k(-4)?
9
Suppose 0 = -2*x + 5*w + 27, x + 2*w - 9 = -0*w. Let s(u) = x*u**3 + 4*u - 12 - 3*u**3 - 4*u**2 - 7*u**3 - 2*u**2. What is the hundreds digit of s(8)?
1
Suppose -d + 1 - 2 = 0, -d = -5*q + 16. Suppose -a + 371 = q*t, 3*t - 204 = a + 169. What is the hundreds digit of t?
1
Suppose -8*v = f - 9*v + 1, -4*v = -f + 14. Let s(w) = -w - 1. Let j(b) = -19*b + 15. Let n(u) = j(u) + 2*s(u). What is the hundreds digit of n(f)?
1
Let p(h) = 141*h**2 + 57*h - 17. What is the ten thousands digit of p(-12)?
1
Let v = 46720 + -24826. What is the hundreds digit of v?
8
Suppose 0 = 3*n - 8*n - 3*w + 26, -5*n + w + 18 = 0. Let o be ((-6)/n)/(1/(-2)). Suppose 3*s = -o*z + 192, z = 5*z - 3*s - 249. What is the units digit of z?
3
Suppose 281 = -4*s + 4*i - 47, i = -2*s - 161. Let j = 124 - -15. Let t = j + s. What is the units digit of t?
8
Let v = 414 + -334. Let o = v + 9. What is the units digit of o?
9
Suppose -2484 + 454 = -10*d. Let z = 356 - d. Let s = -93 + z. What is the units digit of s?
0
Let o(d) = 13*d**2 + 28*d - 5. Let p(j) = -12*j**2 - 23*j + 5. Let u(t) = -3*o(t) - 4*p(t). What is the units digit of u(-11)?
6
Let t(g) = -1. Suppose -10*r - 8 = -4*n - 12*r, -4 = -3*n - 2*r. Let u(f) = -24*f + 16. Let s(l) = n*t(l) + u(l). What is the units digit of s(-9)?
8
Let i be 0 + 3 + 524 + -1. Let y = i + 604. What is the tens digit of y?
3
What is the units digit of 10/165 + (-6009090)/(-198)?
9
Suppose -2*i - 192 = 4*i. What is the units digit of -89*1*i/32?
9
Suppose -4*a - 57 + 5 = -4*x, -3*x = 6. What is the units digit of (a/((-105)/(-14)))/(2/(-9))?
9
Let u(m) = m**3 + 18*m**2 + 42*m + 9. Let z be u(-15). Suppose 9*r - 4*r - 505 = 0. Let p = r - z. What is the tens digit of p?
4
Let k = -716 - -628. Let f be (-609)/15 + 2/(-5). Let d = f - k. What is the units digit of d?
7
Let u(o) = 1118*o - 1120. What is the tens digit of u(16)?
6
Let h = -4503 + 9707. Suppose 10*g - 5*g + h = 4*u, 2*u = 3*g + 2602. What is the thousands digit of u?
1
Let v be -4 + (2 - 4) + 4. Let w be (888/8)/(2 + (v - -1)). Let a = w - -16. What is the hundreds digit of a?
1
Let c = -24 + 42. Suppose 0 = -6*n + c*n - 1764. What is the units digit of n?
7
Suppose 4*z - 3*v - 4910 - 18675 = 0, -2*z - v + 11795 = 0. What is the tens digit of z?
9
Let c(g) = 137*g - 883. What is the tens digit of c(89)?
1
Suppose 42 = 11*u - 101. Let q(v) = 60*v - 214. What is the units digit of q(u)?
6
Suppose -3*m - 100 = -h, -92 = 5*m + 4*h + 86. What is the hundreds digit of 366*6/4 + 39 + m?
5
Let h(p) = 86*p**2 - 101*p + 899. What is the tens digit of h(9)?
5
Let w(q) be the first derivative of q**4/12 + 2*q**3/3 + 5*q**2 - q + 23. Let f(h) be the first derivative of w(h). What is the units digit of f(-10)?
0
Let s be 6084/10 + 3 + (-3)/(-5). Suppose -3*u + 6*u + s = 4*p, 5*u = p - 136. What is the tens digit of p?
5
Suppose 3*x - 2*p - 22975 = 0, x - 8846 = 3*p - 1190. What is the units digit of x?
9
Suppose 4*y - 5460 = 2*f, f = -2*y + 4197 - 1467. Let l = 2298 - y. What is the units digit of l?
3
What is the units digit of 2/(-4 + (5 - (-5840)/(-5844)))?
2
Let x(z) = z**3 + 31*z**2 - z - 28. Let l be x(-31). Suppose -1587 = -l*b + 213. What is the tens digit of b?
0
Let g = 7886 + -4016. Suppose 23*w - g = 17*w. What is the hundreds digit of w?
6
Suppose 12*u + 127359 = 39*u. What is the hundreds digit of u?
7
Suppose -7*x + 15*x - 136 = 0. Let q(u) = -4 - 5 - 11 + u**2 - x*u - 3. What is the units digit of q(21)?
1
Suppose 0 = 8*s - 6*s - 10. Suppose 4*i - 5*g + 10*g = 707, -s*i - 5*g = -885. Let k = i - 91. What is the tens digit of k?
8
What is the ten thousands digit of (-33280 + 21)*-1 + -8?
3
Suppose -3*a + 137344 = 5*f + 27579, -f = 4*a - 21936. What is the units digit of f?
6
Suppose k + 19 = 2*x - 29, -4*x = -5*k - 228. Let p = 48 + k. Suppose -u - p + 37 = 0. What is the units digit of u?
3
Let j = 5 - 46. Let b = 41 + j. Suppose w - 3 = b, -i - w - 27 = -70. What is the tens digit of i?
4
Let k = 52192 - -949. What is the thousands digit of k?
3
Suppose 287*n - 22931 = 31312. What is the hundreds digit of n?
1
Suppose 0 = 3*o + 3*q - 21, -4*o + q + 13 = -o. Suppose -5*r + 1040 = o*k, 5*r + 16 = r. What is the tens digit of k?
1
Let b = 122577 - 59129. What is the hundreds digit of b?
4
Let f(v) = -42*v - 165. Let j be f(-4). Suppose -3*n = a - 2257, 0 = -j*n + 4*n - 5*a - 747. What is the units digit of n?
2
Let z = -5018 - -10091. What is the units digit of z?
3
Let y be (-4)/(-4)*-6 - -96. What is the tens digit of (10/(y/243))/(3/74)?
6
Let f(z) = z**3 + 14*z**2 - 135*z + 1201. What is the units digit of f(28)?
9
What is the hundreds digit of (-1)/3 - (-520606)/894?
5
Let f = 113 - 93. Suppose -50 = -10*i + f. Suppose 2*t = -i*t + 1953. Wh